{"id":563,"date":"2023-07-04T10:24:58","date_gmt":"2023-07-04T13:24:58","guid":{"rendered":"https:\/\/fortalezadreams.com\/?post_type=product&#038;p=563"},"modified":"2026-02-25T15:38:03","modified_gmt":"2026-02-25T18:38:03","slug":"jeri-em-um-dia","status":"publish","type":"product","link":"https:\/\/fortalezadreams.com\/index.php\/product\/jeri-em-um-dia\/","title":{"rendered":"JERI EM UM DIA"},"content":{"rendered":"<h4 class=\"text-left font-weight-bold\" data-v-1a1de9d2=\"\">Importante saber<\/h4>\n<p class=\"text-left exibir\" data-v-1a1de9d2=\"\">Parada na \u00c1rvore da Pregui\u00e7a e Caminhada Ecol\u00f3gica para a Pedra Furada ( OPCIONAL ). As entradas nas barracas est\u00e3o inclusas. Jeri n\u00e3o possui caixas eletr\u00f4nicos. HOR\u00c1RIOS: Os embarques iniciam na madrugada a partir de 03:00 horas da manh\u00e3, passando pelos pontos espec\u00edficos : Beach Park, Praia do Futuro, Praia do Mucuripe, Av. Beira Mar, Praia de Iracema, Mercado Central, North Shopping e Atacad\u00e3o Caucaia. O \u00f4nibus s\u00f3 sai de Fortaleza a partir das 05:00 da manh\u00e3. Previs\u00e3o de chegada ao destino a partir das 09:30h. O embarque na volta inicia a partir das 17:40h na Vila de Jeri , depois partimos para Jijoca, e de Jijoca o \u00f4nibus sai a partir das 19:00h. A chegada em Fortaleza \u00e9 a partir das 00h00.<\/p>\n<p data-v-1a1de9d2=\"\">\n<p data-v-1a1de9d2=\"\"><strong>Paradas<\/strong><\/p>\n<pre class=\"text-left exibir\" data-v-1a1de9d2=\"\">- Passeio para a Lagoa do Para\u00edso\r\n- Passeio para o Lagun Beach ( Entrada n\u00e3o inclusa)\r\n- Parada na \u00c1rvore da Pregui\u00e7a\r\n- Caminhada Ecol\u00f3gica para a Pedra Furada\r\n- Vilarejo de Jericoacoara\r\n- P\u00f4r do Sol nas Dunas do Parque\r\n*Passeio Inclui traslado Ida e Volta em \u00d4nibus ou micro-\u00f4nibus, mais passeio de 4x4\r\n\r\n<\/pre>\n<div class=\"px-2 mb-6\" data-v-1a1de9d2=\"\">\n<h4 class=\"text-left font-weight-bold\" data-v-1a1de9d2=\"\">Sa\u00edda:<\/h4>\n<p class=\"text-left exibir\" data-v-1a1de9d2=\"\">Sa\u00eddas a partir de 03h00<\/p>\n<\/div>\n<p>&nbsp;<\/p>\n","protected":false},"excerpt":{"rendered":"<p>Nosso passeio se inicia saindo de Fortaleza com destino \u00e0 Jericoacoara em \u00f4nibus, micro-\u00f4nibus ou van, onde no caminho contamos com uma parada para o caf\u00e9 da manh\u00e3 (n\u00e3o incluso). Chegando em Jijoca, paramos para o pagamento da taxa de turismo e troca de ve\u00edculo (Hillux). Ap\u00f3s isso, seguimos para a Lagoa do Para\u00edso onde voc\u00ea poder\u00e1 conhecer as famosas redes \u00e0 beira da lagoa e fazer lindos registros. Depois seguimos para a Lagun Beach (Entrada n\u00e3o incluso) Logo depois seguimos para a \u00e1rvore da pregui\u00e7a, com parada para foto e em seguida com destino \u00e0 vila, onde voc\u00ea ter\u00e1 a op\u00e7\u00e3o de fazer a caminhada ecol\u00f3gica at\u00e9 a Pedra Furada. E por fim assistimos o Por do Sol nas Dunas do Parque!<\/p>\n<style>\n        .botao {\n            display: inline-block;\n            padding: 10px 20px;\n            background-color: #007bff; \/* Cor de fundo do bot\u00e3o *\/\n            color: #fff; \/* Cor do texto do bot\u00e3o *\/\n            text-decoration: none; \/* Remover sublinhado padr\u00e3o de links *\/\n            border: none; \/* Remover borda padr\u00e3o *\/\n            border-radius: 5px; \/* Cantos arredondados *\/\n        }\n    <\/style>\n<p><a href=\"mailto:fortalezadreamtour@gmail.com\" class=\"botao\">Reserve<\/a><br \/>\n<\/body><\/p>\n","protected":false},"featured_media":564,"comment_status":"open","ping_status":"closed","template":"","meta":{"site-sidebar-layout":"default","site-content-layout":"default","ast-site-content-layout":"default","site-content-style":"default","site-sidebar-style":"default","ast-global-header-display":"","ast-banner-title-visibility":"","ast-main-header-display":"","ast-hfb-above-header-display":"","ast-hfb-below-header-display":"","ast-hfb-mobile-header-display":"","site-post-title":"","ast-breadcrumbs-content":"","ast-featured-img":"","footer-sml-layout":"","ast-disable-related-posts":"","theme-transparent-header-meta":"default","adv-header-id-meta":"","stick-header-meta":"","header-above-stick-meta":"","header-main-stick-meta":"","header-below-stick-meta":"","astra-migrate-meta-layouts":"set","ast-page-background-enabled":"default","ast-page-background-meta":{"desktop":{"background-color":"","background-image":"","background-repeat":"repeat","background-position":"center center","background-size":"auto","background-attachment":"scroll","background-type":"","background-media":"","overlay-type":"","overlay-color":"","overlay-opacity":"","overlay-gradient":""},"tablet":{"background-color":"","background-image":"","background-repeat":"repeat","background-position":"center center","background-size":"auto","background-attachment":"scroll","background-type":"","background-media":"","overlay-type":"","overlay-color":"","overlay-opacity":"","overlay-gradient":""},"mobile":{"background-color":"","background-image":"","background-repeat":"repeat","background-position":"center center","background-size":"auto","background-attachment":"scroll","background-type":"","background-media":"","overlay-type":"","overlay-color":"","overlay-opacity":"","overlay-gradient":""}},"ast-content-background-meta":{"desktop":{"background-color":"var(--ast-global-color-5)","background-image":"","background-repeat":"repeat","background-position":"center center","background-size":"auto","background-attachment":"scroll","background-type":"","background-media":"","overlay-type":"","overlay-color":"","overlay-opacity":"","overlay-gradient":""},"tablet":{"background-color":"var(--ast-global-color-5)","background-image":"","background-repeat":"repeat","background-position":"center center","background-size":"auto","background-attachment":"scroll","background-type":"","background-media":"","overlay-type":"","overlay-color":"","overlay-opacity":"","overlay-gradient":""},"mobile":{"background-color":"var(--ast-global-color-5)","background-image":"","background-repeat":"repeat","background-position":"center center","background-size":"auto","background-attachment":"scroll","background-type":"","background-media":"","overlay-type":"","overlay-color":"","overlay-opacity":"","overlay-gradient":""}}},"product_brand":[],"product_cat":[21],"product_tag":[],"class_list":{"0":"post-563","1":"product","2":"type-product","3":"status-publish","4":"has-post-thumbnail","6":"product_cat-fortaleza","7":"desktop-align-left","8":"tablet-align-left","9":"mobile-align-left","11":"first","12":"instock","13":"shipping-taxable","14":"product-type-simple"},"_links":{"self":[{"href":"https:\/\/fortalezadreams.com\/index.php\/wp-json\/wp\/v2\/product\/563","targetHints":{"allow":["GET"]}}],"collection":[{"href":"https:\/\/fortalezadreams.com\/index.php\/wp-json\/wp\/v2\/product"}],"about":[{"href":"https:\/\/fortalezadreams.com\/index.php\/wp-json\/wp\/v2\/types\/product"}],"replies":[{"embeddable":true,"href":"https:\/\/fortalezadreams.com\/index.php\/wp-json\/wp\/v2\/comments?post=563"}],"wp:featuredmedia":[{"embeddable":true,"href":"https:\/\/fortalezadreams.com\/index.php\/wp-json\/wp\/v2\/media\/564"}],"wp:attachment":[{"href":"https:\/\/fortalezadreams.com\/index.php\/wp-json\/wp\/v2\/media?parent=563"}],"wp:term":[{"taxonomy":"product_brand","embeddable":true,"href":"https:\/\/fortalezadreams.com\/index.php\/wp-json\/wp\/v2\/product_brand?post=563"},{"taxonomy":"product_cat","embeddable":true,"href":"https:\/\/fortalezadreams.com\/index.php\/wp-json\/wp\/v2\/product_cat?post=563"},{"taxonomy":"product_tag","embeddable":true,"href":"https:\/\/fortalezadreams.com\/index.php\/wp-json\/wp\/v2\/product_tag?post=563"}],"curies":[{"name":"wp","href":"https:\/\/api.w.org\/{rel}","templated":true}]}}